)?
-32
20 - (6 + -9 + -1 + 11) - (-12 + 3)
22
-3 - -70 - ((-51 - -35) + (3 - -21))
59
What is (-30 - -17) + 21 + (6 - (10 + 0))?
4
Calculate 50 + -186 - (-122 - 3).
-11
44 + -4 + (828 - 834)
34
What is -64 + 59 + 43 - (2 + 15)?
21
44 + -67 + 14 - (-3 - -37)
-43
What is the value of -44 - (3 + (2 - (-13 - (-17 + -3))))?
-42
What is 33 - (-2 + 58) - 3 - -29?
3
What is the value of (6 - 9) + (11 + -5 - 1)?
2
Calculate -6 - (4 + 34 + -12 - -17).
-49
What is -41 + 81 - (-29 - -14)?
55
-43 + 17 + 44 + 23 + -4
37
What is the value of (-4 - -89) + 1 + (492 - 502)?
76
24 + (42 - ((-3 - 4) + -8))
81
What is 22 + -10 + 45 + -42?
15
What is the value of -147 + 248 + -96 + 0 + 10?
15
(3 - 53) + 298 + -306
-58
Calculate 15 + 3 + 1 - 31.
-12
What is the value of -25 + 22 + (-36 + 7 - 14)?
-46
Calculate -79 + (-28 - -103) - (1 + -2 + -2).
-1
Evaluate (5 - -15) + -31 + (-1 - -52) + 9.
49
What is the value of -31 - (10 + -39 + -10)?
8
What is -61 + (-32 - -71 - -4)?
-18
Evaluate (16 - 2) + (3138 - 3215).
-63
Calculate 52 - (75 - 96 - -73).
0
Evaluate -33 - -16 - (27 - (-10 - 0)).
-54
What is 48 + 51 + -54 - 2?
43
Evaluate (0 + (-21 - -14) - 12) + 18.
-1
-49 + 62 - (1 + 18) - 13
-19
What is -1 - (-40 - (-27 - -26 - 23))?
15
Calculate -90 + 113 + -35 + 11.
-1
Evaluate 13 + (-9 - (-5 - -31)) + (5 - (5 + 0)).
-22
Evaluate 1 + (-2 - -5) - (50 + -55) - 7.
2
Evaluate 1 - -39 - (-409 + 416 - (-3 + (19 - -1))).
50
What is the value of 38 + (-24 + 52 - 42 - (-17 - 2))?
43
Calculate (-44 - (-21 + 9) - -63) + 39.
70
(99 - -3) + -9 + (-12 - (1 + (1 - 4)))
83
Calculate 4 - (133 + -129 + (0 - 29) + 2).
27
What is the value of -27 - (20 + (6 - (11 + 23 + -15)))?
-34
What is 13 + 1 + 8 + -35 + 2 + 93 + 9?
91
Calculate -27 - (6 - (-12 + -25 + 24 + -2 + 35)).
-13
-6 + 8 + -5 - (2 + -69 - (6 - 3))
67
3 - (-13 - (-17 - -11)) - 15 - -104
99
What is the value of -2 + (2 - -11) - 0 - (-3871 + 3835)?
47
(-8 - 5) + (15 - 14) - (-12 + 11)
-11
What is (30 - 82 - (1 + (-2 - 8))) + (11 - 3)?
-35
What is the value of 87 - (-4 + 8 - (18 - -27))?
128
What is -73 - (-5 + (-31 - -56))?
-93
Calculate -1 - ((220 - 230) + (2 - (0 + -37))).
-30
Evaluate 8 + 1 - (-29 - (-43 - -47 - (8 - 6))).
40
-7 + (22 + -23 - (-7 - (-7 + -80)))
-88
What is -28 + 26 + -17 + -6 + -44?
-69
Calculate -12 + 12 - -8 - (9 + -22 + 2).
19
What is the value of 11 - (-41 + 38 - ((11 - 8) + -11 + -2))?
4
Calculate -15 + (29 - (13 + (40 - 1))).
-38
What is (-47 - -75 - 32) + 18?
14
What is 70 + -15 + -70 + 63?
48
What is the value of -35 + 23 + -8 - -41 - -1?
22
Calculate (8 - (5 + 1 + -5)) + (12 + 53 - -8).
80
-34 - (-16 + -8 + -8)
-2
Evaluate (-8 - 1) + (-21 + 11 - -1) + 12.
-6
What is the value of 1600 - 1665 - (22 + 1 + -3)?
-85
What is 75 - (-10 + -46 - -96)?
35
-7 + 45 + -2 + -48
-12
(-78 + 30 - 0) + 34
-14
What is -139 + 100 + 6 + 5?
-28
What is the value of 6 + (-165 - -296) - 260?
-123
Evaluate 1 - (20 - (7 + -5 - 11)).
-28
Calculate 0 + 3 - (0 + 6) - (17 - 105 - 20).
105
What is -5 - (7 - (18 + (20 - 20))) - 3?
3
What is the value of -46 - (-48 + (29 - -17))?
-44
What is the value of 12 - (137 + -130 - (3 - -1)) - -10?
19
Evaluate -131 - (46 - (134 + 110)).
67
What is the value of -136 + 140 + -82 + -39?
-117
Calculate (-2 - (-1 + (-15 - -11))) + 13 + 1.
17
Calculate (20 - 8) + -8 - (-13 + 7 + 56).
-46
What is the value of -25 + (-64 - (34 - 82))?
-41
Calculate -1 - (8 - 28 - -12).
7
Calculate 6 + 5 + -13 + 3 + 8 + (14 - 76).
-53
What is the value of 13 - (8 - (5 - (-16 - -26))) - (-9 + -1)?
10
Calculate (-5 - (1 + -1) - -2) + (-17 + -10 - -37).
7
(-3 - -22) + 0 + 19 + 37 + -68
7
5 - 9 - 111 - (-12 + -12 - (-43 + 29))
-105
Calculate (89 - 128) + 3 + 14 + -3 + 13 + -6.
-18
What is the value of 12 - 15 - ((-20 - 7) + (1 - 3))?
26
Evaluate -14 - (-2 + (5 - 4) + (12 - (7 + 0))).
-18
What is (0 - (-2 + 2)) + 19 + 0 + (135 - 146)?
8
Evaluate 2 + 26 - (405 - 342).
-35
123 + -162 - (-43 + -7)
11
-58 + 9 + (34 - 12) + -6
-33
What is the value of 2 + -77 - (-260 + 220)?
-35
9 + (8 + -154 - (53 - 51) - 2)
-141
Calculate 57 + 1 + (38 - -2) + 157 + -185.
70
-590 + 503 + -2 + 18
-71
16 - 19 - -11 - (46 + -94)
56
What is 3 + 17 - (-52 + 79 + -15)?
8
-32 - (2 + -8 + 1 + 5)
-32
What is -199 - -169 - (-6 - 19) - (3 - 25)?
17
What is the value of 57 + -49 + (20 - 3) + (92 - 173)?
-56
What is the value of 17 + (8 - (6 - 0)) - (-39 - (-9 - 19))?
30
What is -8 + (2 + -2 + -1 + 0 - (181 - 175))?
-15
9 + -6 + -15 + 3 + (-68 - -1 - 0)
-76
23 + 18 - ((-9 - -5) + 4 + 3 + 4)
34
Evaluate -1554 + 1520 + (-3 - -32).
-5
32 + -28 - (46 + -46 - (-46 - -1)) - 2
-43
Calculate 109 + -131 - (3 + -8 + 5) - -2.
-20
What is the value of (-1 - 5 - -34) + -282 + 338?
84
Evaluate (-94 - -74) + 2 + -2 + 129 + -2.
107
Evaluate 4174 + -4120 - (-1 - -7).
48
What is 907 + -907 + 45 + -1 - -43?
87
What is (27 - 84) + 12 - -129?
84
What is the value of (-24 + -9 - 7 - -31) + 26?
17
What is 13 - 9 - (-18 - (1 - -19))?
42
What is the value of (40 - (-62 + 174)) + 78?
6
What is 6 + (-113 - 6) + -2 + (859 - 842)?
-98
What is -85 + 66 + 42 + -9 + -2 + (2 - 143)?
-129
-18 - 3 - (-820 - -774)
25
What is the value of -7 - 1 - (17 - 20) - (4 - 7)?
-2
(-137 - -71) + 76 - (4 + -1 - -39)
-32
-47 + 1 - (-13 + 27 + -6 + (3 - 4))
-53
-78 + (200 - 10) + -137
-25
Calculate (-4023 - -4023) + 35 + 0.
35
What is the value of (-8 - (-9 + -54)) + (10 - -17)?
82
Evaluate -63 + 0 + (1302 - 1163).
76
What is the value of (12 - 2) + -249 + 236 + 5 + 3?
5
Evaluate -20 + (13 - (1 + -12 - (-191 - -187))).
0
What is 49 + -4 - (11 + 1 - (1 - -5))?
39
Evaluate (2 - -46) + (1187 - 1222).
13
-1 + 2 + -42 + -15150 + 15145
-46
What is -46 - ((0 - (3 - (-5 - -2))) + 0 + -1)?
-39
Calculate 42 + 4 - (4 + (-4 - -17 - 28)).
57
What is (-768 - -785) + -19 + 1?
-1
Calculate 47 + -112 - -53 - -27.
15
Calculate -24 + -10 + 18 - (-9 - -24 - 32 - -10).
-9
0 - 2 - (-2 + 9 - (16 + -5) - 1)
3
Calculate 862 - 835 - (90 + 0).
-63
What is 11 + 8 + (50 - -3 - 13 - -5)?
64
Calculate -14 + 0 + -247 + 272.
11
-34 - 8 - 0 - -48 - (-67 + -1 + 0)
74
Evaluate -12 - 17 - -4 - (-19 - (-14 - 9)).
-29
Calculate -16203 - -16266 - ((0 - 0) + 22).
41
Evaluate -6 + (52 - 52) + -4 + 19 + 1 + 1.
11
75 + 22 + (5 - 36) + (-6 - -16) + -2
74
What is the value of 287 - 240 - (75 - -3)?
-31
-13 - (9 + -13 - -25 - 29)
-5
Calculate -1343 + 1308 + (-22 + 24 - (-1 - -2 - -1)).
-35
What is the value of 9 + 14 + (-240 - -222)?
5
Calculate -107 - (106 + -159) - -41.
-13
Calculate 0 + (-28 - (22 - 32)) - -22.
4
(-47 - -76) + -36 - (-4 + 60)
-63
(153 + -61 - 60) + 4
36
(-13 - -6) + 6 + -2 + -3 - (-146 - -93)
47
Calculate -1 - -59 - (23 + (-5 - (34 - 21))).
53
Calculate 73 - (-126 + (185 - -120)).
-106
What is (-218 - -148) + 66 + -12?
-16
Calculate (-50 - -54 - (-22 - 0)) + -71.
-45
Calculate 28 + (13 - 46) + 18.
13
2 + (-8 - 2 - 5) + (8 - -54) - -4
53
Calculate 30 + -34 + 1 + 34 + 0 - 13.
18
What is 3 + -71 + (-16 + 1 - (18 - (30 + 0)))?
-71
-37 + (-53 - -42) + 23
-25
-31 + 8 + -9 + (31 - 36)
-37
Evaluate -102 - (-108 + 19) - (35 - 1).
-47
(5 - -2) + (-4 - -1 - (-37 + 20 - -21))
0
Evaluate 1 + (-7 - 0) + (-10 - -85 - (-161 + 201)).
29
What is (1 - 67) + 125 - 67?
-8
Evaluate -17 + -12 + 32 + (-10 - -21) + -18.
-4
-4 + (30 - (8 + -4)) - (-112 - -116)
18
Evaluate 22 + -77 - (-97 - -158).
-116
-4 - (-1 + 10 - 30) - 22 - 19
-24
What is -113 - -62 - -39 - -45?
33
(2 - -28) + -262 + 255
23
Calculate -176 + 165 + 35 + -3.
21
What is 2 + 45 - (229 + 231 + -311)?
-102
What is -17 - (21 + (-4 - (17 + 16)))?
-1
What is the value of -34 + (67 + -12 + -22 - 2)?
-3
What is the value of 4 + 9 - (-6 + 11 - -1) - 40?
-33
Calculate -42 + (3 - (-36 + 50)) + -43.
-96
Calculate 3 + 14 + (4 - -21 - (-1 + 34)) + -20.
-11
(119 - 121) + (-3 - -2) + 14
11
What is the value of -60 - (-103 - (-65 + 38))?
16
Calculate (-36 - 47) + 206 + -153.
-30
Calculate 0 + 13 + (-3757 - -3809).
65
What is 17 - (5 + (-1 - -7) - (-30 - -45))?
21
What is the value of 17 + (-1 - 4 - (-253 - -278))?
-13
What is the value of 4 - (-36 + (9 - (-25 - -27)))?
33
(328 - 301) + (0 - (-9 - -5) - -5)
36
24 + 46 + -45 + -20 + -35
-30
Evaluate (0 - -15 - (10 + (6 - -10 - 18))) + 34.
41
Evaluate (75 - 103) + (11 - -2).
-15
What is (-5 - -14) + 0 + 6 + -8 + (66 - 15)?
58
Calculate ((-6 - (-14 + 5)) + 2 +